 -f**3 + 5*f**2 + 5*f - 12. Calculate l(6).
-18
Let z(j) = 5*j**2 - j. Calculate z(1).
4
Let p(f) = -8*f - 129. Determine p(-18).
15
Let j(s) = -s**2 - 8*s + 10. Determine j(-10).
-10
Let c(b) = -b**2 - 4*b + 8. What is c(-8)?
-24
Let r(a) = -a - 7. What is r(2)?
-9
Let t(k) = -k**3 + k - 19. Give t(0).
-19
Let r(m) = 12*m**3 + 2*m**2 + m. Determine r(-1).
-11
Let d(q) = 6*q**3 + q**2 + 6*q + 7. Determine d(-2).
-49
Let h(j) = j**3 - 10*j**2 - 2*j + 15. Calculate h(10).
-5
Let g(b) = b - 22. Determine g(15).
-7
Let c(u) = u**2 + 10*u + 30. Determine c(-7).
9
Let c(r) = 3*r + 3. What is c(3)?
12
Let i(x) = -3*x - 52. What is i(-19)?
5
Let l(q) = 15*q + 6. Calculate l(-1).
-9
Let v(y) = -4*y**2 - 5*y - 1. Calculate v(4).
-85
Let i(d) = -d**2 - 35*d - 235. Give i(-9).
-1
Let n(f) = 3*f - 29. Determine n(12).
7
Let o(r) = -r + 24. Calculate o(19).
5
Let f(u) = u + 3. What is f(-10)?
-7
Let p(w) = -21*w + 70. Give p(4).
-14
Let w(c) = c**2 - 10*c + 25. Calculate w(8).
9
Let f(n) = n**3 - 6*n**2 - n + 7. What is f(5)?
-23
Let x(b) = -4*b + 2. What is x(2)?
-6
Let x(i) = 4*i**3 - 29*i**2 + 5*i + 14. Determine x(7).
0
Let k(r) = r**3 - r**2 - 75. Determine k(0).
-75
Let r(m) = -m**3 - 13*m**2 + 14*m + 35. Calculate r(-14).
35
Let y(p) = -p**3 + 8*p**2 - 2*p - 1. Give y(5).
64
Let f(x) = 4*x + 8. Calculate f(-17).
-60
Let w(u) = u**3 - 2*u**2 + 5*u - 3. Give w(3).
21
Let v(b) = 2*b + 14. Determine v(-7).
0
Let j(u) = -u**3 - 7*u**2 + 16*u + 114. Calculate j(-6).
-18
Let l(i) = -i**3 + 13*i**2 + 15*i - 20. Give l(14).
-6
Let t(g) = g - 14. Determine t(13).
-1
Let v(h) = -8*h - 617. What is v(-77)?
-1
Let q(r) = -r**3 - 15*r**2 + 2*r + 14. Determine q(-15).
-16
Let n(m) = -m**2 - 38*m - 343. Give n(-15).
2
Let m(v) = -v**2 - 11*v - 11. Give m(-11).
-11
Let f(a) = -2*a**3 + 3*a**2 - 2*a. What is f(2)?
-8
Let n(a) = -2*a**2 + 5*a - 2. Determine n(4).
-14
Let k(d) = d**2 - 19*d + 8. What is k(19)?
8
Let z(c) = c**3 - 9*c**2 + 10*c - 20. Determine z(8).
-4
Let r(i) = 5*i**2 - 5*i - 3. Calculate r(-4).
97
Let t(a) = -2*a - 23. Determine t(-10).
-3
Let w(m) = m**2 + 58*m + 298. What is w(-6)?
-14
Let x(j) = -j**3 + 4*j**2 - 4. Give x(3).
5
Let i(u) = -21*u - 1. Give i(-1).
20
Let d(r) = r**3 - 12*r**2 + 10*r + 10. Calculate d(11).
-1
Let w(x) = -3*x + 6. What is w(4)?
-6
Let q(d) = -15*d + 143. Determine q(9).
8
Let i(y) = -4*y**3 - 47*y**2 + 13*y + 16. Calculate i(-12).
4
Let r(q) = -3*q**2 - 7*q + 31. Determine r(5).
-79
Let b(z) = 9*z**2 - 95*z - 94. What is b(-1)?
10
Let x(y) = y**3 + 23*y**2 + 46*y + 79. Determine x(-21).
-5
Let u(c) = 6*c - 1. Give u(2).
11
Let o(a) = -4*a + 2. Determine o(-5).
22
Let d(o) = 11*o - 3. Calculate d(-4).
-47
Let n(d) = d**3 - 8*d**2 - 23*d + 132. Give n(9).
6
Let d(j) = -3*j**2 + 43*j - 137. Calculate d(9).
7
Let n(m) = m**2 - 34*m - 64. Calculate n(36).
8
Let u(a) = -a + 16. What is u(5)?
11
Let f(h) = h**2 + 6*h - 11. Determine f(-5).
-16
Let d(m) = m**3 - 8*m**2 - 4*m + 7. What is d(8)?
-25
Let l(c) = 2*c**2 + 8*c - 10. Calculate l(-7).
32
Let x(n) = 16*n - 43. Calculate x(3).
5
Let z(m) = 2*m - 89. Calculate z(30).
-29
Let h(u) = u**3 - 15*u**2 - u - 5. Determine h(15).
-20
Let l(i) = -i**3 + i - 3. What is l(-2)?
3
Let l(x) = 2*x**2 + 5*x - 30. What is l(-7)?
33
Let j(v) = -2*v**2 + 41*v - 19. What is j(20)?
1
Let t(n) = 2*n - 48. Give t(25).
2
Let x(a) = -a**3 - 7*a**2 + 20*a - 8. What is x(-9)?
-26
Let v(f) = 3*f**2 + 4*f + 1. What is v(-4)?
33
Let l(i) = i**3 + 2*i**2 + 2*i + 18. Calculate l(0).
18
Let z(q) = -9*q**2 + 78*q + 29. What is z(9)?
2
Let i(t) = 30*t**2 + 11*t - 11. Determine i(1).
30
Let s(l) = 3*l - 17. Give s(10).
13
Let h(x) = 7*x - 21. Give h(4).
7
Let z(l) = -36*l - 458. Determine z(-12).
-26
Let j(f) = -f**2 - 13*f - 14. Determine j(-12).
-2
Let m(q) = -17*q**2 - 6*q + 5. Calculate m(1).
-18
Let j(x) = 2*x + 3. Give j(-3).
-3
Let m(l) = -6*l - 89. Determine m(-5).
-59
Let j(o) = 2*o**2 + 24*o + 25. Give j(-10).
-15
Let r(x) = -13*x + 7. What is r(1)?
-6
Let t(z) = -z**3 - 6*z**2 - 6*z - 4. Determine t(-3).
-13
Let f(a) = -42*a**2 + 1. Determine f(-1).
-41
Let q(v) = v**2 + 9*v + 6. Determine q(-5).
-14
Let w(z) = z**2 - 9*z + 8. Calculate w(7).
-6
Let o(c) = c**3 - 6*c**2 + 3*c - 1. Give o(4).
-21
Let n(z) = 3*z - 17. Calculate n(4).
-5
Let o(q) = q**3 - 15*q**2 + 13*q + 6. What is o(14)?
-8
Let x(i) = -i**2 + 20*i - 48. What is x(17)?
3
Let f(y) = 4*y - 25. What is f(7)?
3
Let x(v) = v + 13. Calculate x(-8).
5
Let k(b) = 14*b**3 + b. Give k(-1).
-15
Let m(w) = -2*w - 2. What is m(3)?
-8
Let l(j) = j**2 + 9*j + 3. Give l(-4).
-17
Let g(z) = 25*z - 291. Calculate g(12).
9
Let w(x) = x**2 - 10*x + 1. Determine w(9).
-8
Let p(t) = -t + 1. Calculate p(-2).
3
Let f(w) = -13*w - 118. Give f(-7).
-27
Let w(g) = 12*g**3 + 2*g - 4. Calculate w(1).
10
Let m(y) = -10*y**3 + y**2 - y - 1. Give m(-1).
11
Let z(t) = -t**2 + 18*t - 37. What is z(12)?
35
Let j(r) = 5*r + 11. Give j(8).
51
Let w(r) = 2*r**2 + 2*r - 6. Calculate w(4).
34
Let b(z) = -z + 8. Give b(14).
-6
Let d(i) = i**3 - 9*i**2 - 12*i + 2. Determine d(10).
-18
Let b(i) = 4*i - 110. Calculate b(22).
-22
Let s(a) = -2*a + 8. Give s(7).
-6
Let y(l) = -l**3 - 8*l**2 - 4*l + 7. Give y(-7).
-14
Let y(j) = 2*j**3 + 6*j**2 - 4*j + 12. Determine y(-6).
-180
Let v(i) = 3*i**2 + 15*i - 56. Determine v(-7).
-14
Let k(t) = -9*t + 4. What is k(3)?
-23
Let h(q) = 41*q - 5. Determine h(2).
77
Let q(h) = -7*h + 34. Give q(14).
-64
Let q(n) = n**2 - n - 17. Determine q(-9).
73
Let m(f) = f**3 - 7*f**2 + 8*f - 10. Determine m(6).
2
Let g(p) = -p**2 - 12*p - 6. Determine g(-7).
29
Let h(c) = 9*c**2 + 4*c + 3. Give h(-1).
8
Let p(b) = -66*b + 136. What is p(2)?
4
Let z(u) = -u**3 - 15*u**2 + 14*u + 35. Calculate z(-15).
-175
Let v(f) = 11*f - 5. Determine v(4).
39
Let r(y) = -y**2 + 13*y - 21. Determine r(10).
9
Let n(f) = f**3 + 32*f**2 + 32*f + 27. Give n(-31).
-4
Let l(u) = -6*u**2 + 3*u + 8. What is l(4)?
-76
Let h(l) = -43*l - 181. Calculate h(-4).
-9
Let t(f) = -3*f**3 + f**2 + 7*f - 6. Calculate t(-3).
63
Let f(h) = h**3 - 5*h**2 - 4*h + 7. Calculate f(5).
-13
Let o(h) = 2*h - 16. Give o(12).
8
Let q(f) = -6*f + 1. Give q(-1).
7
Let n(i) = -5*i - 33. Calculate n(-6).
-3
Let s(i) = -i**2 - i + 9. Determine s(5).
-21
Let j(y) = y**3 - 6*y**2 - 6*y + 7. Give j(7).
14
Let n(z) = z + 17. Calculate n(-15).
2
Let a(l) = -l**3 + 3*l**2 + 2*l - 1. Calculate a(-2).
15
Let j(l) = l - 19. What is j(25)?
6
Let s(r) = r**3 - 5*r**2 + 3*r - 2. Calculate s(3).
-11
Let o(f) = -f**3 + 7*f**2 + f + 1. Give o(5).
56
Let w(x) = x**3 - 20*x**2 + 20*x - 12. What is w(19)?
7
Let f(s) = s + 1. Determine f(6).
7
Let b(d) = -5*d + 43. What is b(7)?
8
Let v(i) = 3*i + 34. Calculate v(-10).
4
Let i(w) = -2*w**3 - 2*w**2 - 3*w - 8. Give i(-2).
6
Let h(u) = -u + 18. Determine h(-13).
31
Let f(b) = -b**3 - 16*b**2 - 19*b - 60. What is f(-15)?
0
Let t(z) = z + 24. Determine t(-23).
1
Let p(g) = g**2 + 10*g - 13. What is p(-11)?
-2
Let g(s) = 27*s - 338. Determine g(12).
-14
Let m(n) = n**2 - 5*n + 10. What is m(3)?
4
Let y(k) = 5*k - 37. Determine y(21).
68
Let c(k) = 2*k - 30. What is c(18)?
6
Let k(j) = j**3 - 25*j**2 - 55*j + 33. Calculate k(27).
6
Let d(o) = -o**2 - 30*o - 113. Determine d(-26).
-9
Let q(f) = 2*f**3 + 3*f**2 + 8*f + 6. Determine q(-1).
-1
Let p(s) = -s**3 - 24*s**2 - 49*s - 116. What is p(-22)?
-6
Let s(c) = -2*c**2 - 41*c + 4. What is s(-18)?
94
Let f(v) = 2*v - 11. What is f(6)?
1
Let j(n) = -n**2 + 2*n + 2. Calculate j(-3).
-13
Let b(c) = -4*c - 3. Give b(-4).
13
Let d(l) = -l**3 - l**2 + 29*l + 7. Give d(-6).
13
Let y(o) = o**2 + 29*o - 170. Give y(5).
0
Let l(n) = n. Determine l(4).
4
Let u(c) = 5*c - 10. What is u(-7)?
-45
Let m(i) = -9*i**2 - 5*i + 2. Give m(3).
-94
Let r(z) = -z**3 + 9*z**2 + z + 5. Give r(9).
14
Let s(a) = -a**3 - 6*a**2 - 2*a + 4. Give s(-5).
-11
Let a(o) = 11*o**3 - 2*o**2 + 4*o - 2. What is a(1)?
11
Let s(z) = -z**2 + 36*z + 212. Give s(-5).
7
Let d(m) = -m**3 + 6*m**2 - 6*m + 9. What is d(5)?
4
Let d(q) = 2*q + 11. What is d(-12)?
-13
Let r(t) = t**3 - 5*t**2 + t - 1. What is r(5)?
4
Let l(z) = z**2 - 14*z + 5. Calculate l(10).
-35
Let c(l) = -4*l**2 - 5*l - 6. What is c(-4)?
-50
Let q(k) = -k**2 + 3*k - 9. Determine q(0).
-9
Let n(c) = -3